re the prime factors of v?
3, 11
What are the prime factors of (6/(-4) - (-3)/6) + 9?
2
Suppose 0*v - 28 = 4*v. Let i be 14/(-63) + 155/9. Let f = v + i. List the prime factors of f.
2, 5
Let h be (-45)/(-6) - 2/4. Let l = h + 1. What are the prime factors of l?
2
Let d(b) = -64*b - 5. List the prime factors of d(-2).
3, 41
Let l = -6 - -3. What are the prime factors of -4 + l/(-3) - -45?
2, 3, 7
Let g(x) = -x**3 + x**2 - x + 16. What are the prime factors of g(0)?
2
Let z(n) = -n**2 + 6*n + 4. Let x be z(7). Let h(c) = c**2 + 3*c + 4. List the prime factors of h(x).
2
Suppose -u - 10 = 24. What are the prime factors of (u - -3)/(-2 - -1)?
31
Let v(y) = y**3 + 4*y**2 - 4*y + 7. Let j be v(-5). Let k be 9/j + (-1)/2. Suppose -2*t = -26 - k. List the prime factors of t.
3, 5
Let d = 4 + 5. Suppose 8*z - d*z = -24. What are the prime factors of z?
2, 3
Suppose 4*f - 74 = -2*w, -5*f + 19 - 75 = -2*w. List the prime factors of w.
3, 11
Let n(o) = o + 4. What are the prime factors of n(10)?
2, 7
Let v be (-6)/1*2/(-6). Suppose 0*l - 16 = -v*l + 2*i, 0 = l - 5*i - 24. Suppose 0 = l*s - 2*d - 6, 0 = -d + 2*d - 5. What are the prime factors of s?
2
Let z(g) = -6*g - 10. Let t be z(-9). Suppose -2*i = 5*u - t, -u - 7 = 2*i - 59. What are the prime factors of i?
3
Suppose 3*z - 74 = 34. What are the prime factors of z?
2, 3
Suppose 2*d - 11 = 61. Suppose -6 = 5*a - d. List the prime factors of a.
2, 3
Suppose -a + 171 = -0*z + 2*z, -2*z = -2*a - 162. What are the prime factors of z?
2, 3, 7
Suppose 4*w + 2 = -n, n + 3*w = -0*w - 1. Let b be n*(-3 - 99/(-6)). Suppose -h + b = 2*h. What are the prime factors of h?
3
Let r = 38 - -61. List the prime factors of r.
3, 11
Let i(q) = -q - 12. Let s be i(-12). Suppose 0 = 3*o + a - 17, s*o - 2*a = -3*o + 2. What are the prime factors of o?
2
Suppose -471 = -3*l + 171. List the prime factors of l.
2, 107
Suppose 0 = 5*r - 10 - 5. Suppose -2*c + 1 + r = 0. Suppose -4*l - b = -38, -l - c*b + 5 = -4*b. What are the prime factors of l?
3
Suppose -3*h = 2*h - 90. Let a = 25 - h. What are the prime factors of a?
7
What are the prime factors of ((-1)/(-4) - 0)*188?
47
Let z be (-30)/9 - (-2)/(-3). Let k(t) = 2*t**2 + 2*t + 15. Let b(x) = -x**2 - x - 7. Let o(l) = -13*b(l) - 6*k(l). What are the prime factors of o(z)?
13
Suppose y = 5*k + 3*y + 71, 2*k + 5*y + 20 = 0. Let s be 1/(-3)*(k + 3). List the prime factors of 1 + 8 + s/(-2).
7
Let k = 43 + -11. List the prime factors of k.
2
Let h be -4*9 + (-12)/(-4). Let d = h + 49. List the prime factors of d.
2
Let t = -310 - -502. What are the prime factors of t?
2, 3
Let p(h) = -h**2 + 8*h - 1. Suppose 5*g = 19 + 21. Let n be p(g). What are the prime factors of 7/(-4)*(-5 - n)?
7
Let r = -1 - 5. Let s = -3 - r. Suppose -17 = -s*o + 2*o. List the prime factors of o.
17
Suppose 0 = -4*z + 7*z - 129. List the prime factors of z.
43
Let k(p) = -p**2 - 3*p - 8. Let h(l) = -l. Suppose -5*r = -8 - 7. Let z(g) = r*h(g) - k(g). List the prime factors of z(0).
2
Let m(y) = 2*y - 9. Let n be (-2)/(-4)*66/(-3). Let f = n - -17. What are the prime factors of m(f)?
3
Suppose 5*f - 5*r = -45, -r - 10 = 2*f + 8. Let n = f - -5. Let l = 2 - n. What are the prime factors of l?
2, 3
Let x(h) = -h**2 - 9*h - 3. Suppose 0 = 2*i + 3*i. Suppose i = 4*l - 9*l - 40. What are the prime factors of x(l)?
5
Let l be (12/9)/(4/66). Let n = l + -11. List the prime factors of n.
11
What are the prime factors of (156/10)/(0 + (-3)/(-20))?
2, 13
Let a = 4 + -7. Let p = 2 - a. What are the prime factors of p?
5
Suppose -2*x = 3*y - 2*y - 3, 4*x + 4*y = 0. Suppose x*o = -o + 32. List the prime factors of o.
2
Let y(w) = -3*w**3 - w**2 - w. Let x be y(-1). Let c(q) = -q**2 + 6*q + 3. List the prime factors of c(x).
2, 3
Suppose t - 3 = 4*t. Let j(r) = -16*r - 1. What are the prime factors of j(t)?
3, 5
Suppose -4*t + 124 = -0*t. List the prime factors of t.
31
Suppose 0 = -3*v - 1 + 22. Suppose 5*x = -7 - 18. Let b = v + x. List the prime factors of b.
2
Suppose -s - 292 = -5*s. Suppose 5*t - s - 42 = 0. List the prime factors of t.
23
Let s(u) = u**2 - 3*u - 6. Let v be s(-4). List the prime factors of (87 - -1)*11/v.
2, 11
Let k(g) = -g - 1. Let j be k(-5). Let q be 2/(-4) + 27/6. Suppose 4 = q*y - j. What are the prime factors of y?
2
Let n = -141 - -211. List the prime factors of n.
2, 5, 7
Let l(z) = z**2 - 13*z + 3. List the prime factors of l(13).
3
Suppose 5*n = -d + 790, -5*n - 2*d + 770 = 3*d. What are the prime factors of n?
3, 53
Let w(c) = -c**2 - c + 1. Let r(h) be the first derivative of h**3/3 - 5*h**2/2 + 6*h - 1. Let d(n) = r(n) - 5*w(n). What are the prime factors of d(-1)?
7
Suppose -13*b = -6*b - 896. What are the prime factors of b?
2
Suppose 2*n - 2 = 2. Suppose 2*a - n = a. List the prime factors of a.
2
Let r = 0 + 2. Suppose r*c - 2*v = 4, -5*c + 3*c = -5*v - 19. Let b = c - -10. List the prime factors of b.
7
Suppose 5*d = -0 + 10. Suppose -t + 4 = h, 0 = d*t - 3*h - 3. Suppose -z + 3*z - t*x = 18, -2*x - 45 = -5*z. List the prime factors of z.
3
Let j = -27 - -51. List the prime factors of j.
2, 3
Suppose 2*t + 5*w = 87, 11*w - 6*w = 2*t - 117. List the prime factors of t.
3, 17
Let w(r) = r**2 + 3*r + 2. Suppose 5*l + 18 = y, y - 2 = 1. Let c be w(l). What are the prime factors of 5/(-2 + 5/c)?
2, 5
Let h(w) = -w**2 + 2*w. Let n be h(-2). Suppose -4*d = 29 + 27. Let i = n - d. List the prime factors of i.
2, 3
Let o(w) be the third derivative of w**2 + 0*w + 0 + 1/4*w**4 + 5/6*w**3 + 1/60*w**5. What are the prime factors of o(-7)?
2, 3
What are the prime factors of (-2034)/(-14) + 264/56 + -5?
5, 29
Suppose 4*b - 12 = -0*b. Suppose -1 - 14 = 5*u + 5*n, 4*u - 2*n - 6 = 0. Suppose u*w - 18 = -b*w. List the prime factors of w.
2, 3
Let z(h) = -6*h - 2. Let g be z(-5). Suppose g = w + 5. List the prime factors of w.
23
Let y = -53 + 206. List the prime factors of y.
3, 17
Let w = 2 - 4. List the prime factors of (w - 13)/((-9)/6).
2, 5
Let n(b) = -b**2 - 7*b - 5. Let l be n(-5). Suppose -l*t = -t - 48. List the prime factors of t.
2, 3
Suppose 3*z + 55 = 6*z - g, z - g = 15. Let i(o) = -12*o + 10. Let b be i(2). Let d = b + z. List the prime factors of d.
2, 3
Let v = -4 - 1. Let t = -4 - v. Let m = 1 + t. What are the prime factors of m?
2
Let n(u) = 2*u**2 - 3*u + 1. Let a be n(2). Suppose 5*m = -f + m + 12, -a*f + m = -23. What are the prime factors of f?
2
Suppose 3*h - 24 = 456. What are the prime factors of h?
2, 5
Let h be (-1 + -3)/2 - 6. Let y be ((-68)/h)/(1/2). Let v = y - 12. List the prime factors of v.
5
Suppose -4*d = 4*k - 2 - 242, -3*d + 207 = -5*k. List the prime factors of d.
2
Suppose 0 = -z + 4*z. Suppose -5*u + 5*f = z, 28 = -u + 5*u + 3*f. Suppose 5*l - 5 = 0, -w + 6 = -u*l - 2. What are the prime factors of w?
2, 3
Let y(o) = -o**2 - 15*o - 1. What are the prime factors of y(-11)?
43
Suppose -2 = -3*v + 4. Suppose -3*g = -v*g - 12. List the prime factors of g.
2, 3
Let y be ((-7)/2)/((-1)/2). Suppose 0*l - 33 = -3*l. Let i = l - y. List the prime factors of i.
2
Let o(m) = -m**3 - 3*m**2 - 3*m - 1. Let l be o(-3). Let k(v) = v**3 - 9*v**2 + 11*v - 12. Let g be k(l). Suppose -10 - g = -2*n. List the prime factors of n.
11
Let y(w) = -39*w. What are the prime factors of y(-3)?
3, 13
Let p be 8*(0 - -3 - 0). Let n = p - 2. What are the prime factors of n?
2, 11
List the prime factors of ((-12)/(-6))/((-4)/(-86)).
43
Suppose -4*m = 4, -5*n + 64 = 5*m - 121. List the prime factors of n.
2, 19
Suppose g + 2 - 6 = 0. Let h = g + -2. What are the prime factors of h?
2
Suppose 8*a - 5*a - 192 = 0. Let k = -43 + a. List the prime factors of k.
3, 7
Suppose -5*h = -12 + 2. Let w be 132/28 + h/7. Suppose -5*n + 13 = -2*c + w*c, -4*c + 56 = -3*n. List the prime factors of c.
11
Suppose 76 = 2*f + 2*f. Let m = -34 + f. Let c = m + 27. List the prime factors of c.
2, 3
Let i be (-3)/(-9)*1*39. Let j = -9 + i. Let f(p) = p**2 - 3*p + 1. List the prime factors of f(j).
5
Suppose 0 = -3*t + 7*t. Suppose -5*l - 10 + 125 = t. List the prime factors of l.
23
Let n(i) = 7*i**2 - i + 1. Let z be n(3). Let v = -33 + z. What are the prime factors of v?
2, 7
Let k(m) = -m**2 + 7*m - 7. Let a be k(5). Suppose -48 = -a*h - 3. Suppose -3*f - 3*d + 2*d = -34, -h = 3*d. List the prime f